71*o**2. Calculate t(2).
-23
Suppose 16 = 3*w + w. Let j(s) = 2*s**3 + 2*s**2 + 7*s - 8. Let b(l) = l**3 + 2*l**2 + 4*l - 5. Let i(p) = -5*b(p) + 3*j(p). Determine i(w).
5
Let j(y) = 30 + 31 - 64 - 2*y + 20. Give j(12).
-7
Let p(n) = 11*n + 7. Let q = -531 - -530. What is p(q)?
-4
Suppose 5*z = -14*z + 57. Let w(d) = -d**2 + d - 1. Give w(z).
-7
Let x(y) be the third derivative of y**6/120 - y**5/12 - 7*y**4/12 + y**3 - 499*y**2. Determine x(7).
6
Let k(v) = 3*v**3 + 2*v**2 + v. Suppose 2 = -x, -o - 3*x + 0 - 7 = 0. Give k(o).
-2
Let i = -103 + 106. Let f(y) = y**2 + i*y**2 - 3*y**2 - 4 + 3*y - 3. Calculate f(-5).
3
Let d(q) = -q**3 + 7*q**2 + 6*q + 10. Suppose -5*s = 3*z + 88, 0*s + 86 = -3*z - 4*s. Let t = 34 + z. Calculate d(t).
-6
Let v(b) be the third derivative of -b**4/24 + b**3/2 - 72*b**2. Determine v(3).
0
Let t(u) = 2*u**2 - 6 - 1 - 3*u + 2. Let b(r) = 9*r**2 - 6*r - 16. Let i(q) = -q**2 - q. Let x(g) = b(g) + 4*i(g). Let m(c) = 8*t(c) - 3*x(c). Determine m(-6).
8
Let h(d) = d**2 - d + 2. Let j = 1 - 1. Suppose j = -l + 1 + 7. Suppose 2*t = -0*t + l. What is h(t)?
14
Let m(n) be the second derivative of 1/2*n**2 - n - 1/6*n**3 - 7/20*n**5 + 0*n**4 + 0. Let w(x) = x**3 - 7*x**2 - 12*x + 33. Let i be w(8). What is m(i)?
-7
Suppose -5*w + 25 = 0, 0*i + 5*w = 4*i + 9. Suppose -r - 5 + i = 0. Let h(j) = -8*j + 5. Let c(y) = -12*y + 7. Let m(n) = 5*c(n) - 7*h(n). Give m(r).
4
Let t(l) be the third derivative of -l**5/60 + 7*l**4/24 - l**3 - 2*l**2 + 21*l. Let x(z) = -z**3 - 3*z**2 - z + 2. Let c be x(-3). What is t(c)?
4
Let a(x) = -x**2 - 3*x + 272. Let d be a(15). Let l(p) be the first derivative of 2*p**d + 2/3*p**3 - p + 6. What is l(-3)?
5
Let k be 3*-2 + 64/4. Let y(g) = g**3 - 10*g**2 + g - 5. Determine y(k).
5
Let u be 112/(-6)*(-84)/98. Let f(z) = -z**2 + 14*z + 25. Calculate f(u).
-7
Let n(w) = -27*w. Let m(g) = -8*g. Let x(j) = 8*m(j) - 3*n(j). Determine x(1).
17
Let b(j) = -j - 28. Let h(i) = i**2 - 37*i + 24. Let o be h(36). Calculate b(o).
-16
Let g(k) = -2. Let a(n) = 4*n + 29. Let p(u) = a(u) + 3*g(u). Calculate p(-6).
-1
Let d(t) = -t**2 - 7*t - 5. Let l = -9 - 83. Let x = 85 + l. Determine d(x).
-5
Let f(x) = 3*x**2 - 13*x - 15. Let t(l) = -4*l**2 + 12*l + 14. Let k(y) = 3*f(y) + 2*t(y). What is k(14)?
-31
Let g = -11 - -24. Suppose 15 = -2*o - 5*w, 3*o + g + 2 = -5*w. Suppose o*p - 18 = 3*p. Let h(k) = 2*k + 6. Calculate h(p).
-6
Let g(a) be the third derivative of a**8/6720 + a**7/315 + a**5/60 - 11*a**4/24 + 25*a**2. Let t(f) be the second derivative of g(f). Determine t(-8).
2
Let d = -7 - -3. Let g(q) = 6*q**3 + 5*q**2 - 2*q + 1. Let v(n) = -5*n**3 - 5*n**2 + n. Let m = 0 + 4. Let x(o) = m*g(o) + 5*v(o). Calculate x(d).
0
Suppose -9 = s - 2*i - 2*i, -15 = -2*s - 3*i. Suppose 3*q = 7*q + 4*x + 16, 15 = -s*q - 2*x. Let w = q + 3. Let r(o) = o - 5. Determine r(w).
-9
Suppose o = 1 + 13. Let i(m) = -m**3 - 19*m**2 + 4*m + 60. Let d be i(-19). Let s = o + d. Let l(k) = 4*k**2 + 4*k + 3. Calculate l(s).
11
Let p = 7 + -5. Suppose -3*h + p*l - 2 + 19 = 0, 4*h = 4*l + 24. Let u(r) = 3 - 1 - r - 4 + h. Give u(-3).
6
Let p(n) = -7*n**3 + 2*n**2 - 12*n + 6. Let x(z) = 4*z**3 - 2*z**2 + 6*z - 4. Let b(s) = -3*p(s) - 5*x(s). What is b(-4)?
-22
Let l(x) = 3*x - 20. Suppose 558 = 2*j + 544. Calculate l(j).
1
Let c(t) = -2*t. Let h(b) = 11*b. Let a(y) = -6*c(y) - h(y). Give a(-4).
-4
Let c(q) = -5*q**3 - 5*q**2 - q + 3. Let f(w) = 2*w**3 - w. Let k(g) = c(g) + 2*f(g). Let b = 1 - 4. Let z be 3/(-1 + (-3 - b)). Determine k(z).
-6
Let l(h) be the second derivative of 1/20*h**5 + 1/3*h**4 - 1/3*h**3 - h**2 + 33*h + 0. Give l(-4).
6
Let c(f) be the first derivative of -f**4/4 - 2*f**3 - 4*f + 355. Calculate c(-7).
45
Suppose 2*g + 11 = -l + 27, 24 = 4*g - 2*l. Let k(q) = 7*q + 11. Let u(c) = 8*c + 11. Let t(a) = g*k(a) - 6*u(a). Determine t(-9).
2
Let c(k) = k**3 + 7*k**2 - 7*k - 9. Let b(p) = -p**3 + p**2 - 1. Let q(r) = 2*b(r) + c(r). Suppose -114*n + 64 = -106*n. Give q(n).
-3
Let r(p) = -p**3 + 4*p**2 + 3*p + 2. Suppose 7*z = 20 - 13. Let o be 4 - 2 - (0 - 3/z). Give r(o).
-8
Let i(n) = -17*n - 3. Let w(g) = -19*g - 4. Let b(z) = 3*i(z) - 2*w(z). Give b(-2).
25
Let m(k) = 5*k**3 + 7*k**2 + 5*k + 8. Let v(r) = r**3 + r**2 + 1. Let d(z) = -m(z) + 4*v(z). Determine d(-2).
2
Let w(f) = 4*f - 1. Suppose 5*z + 10 = 5*n, -5*z + 2*n = -0 - 2. Suppose z*h + 0*h + 4*v = 14, -5*v = 5*h - 15. Let l be h/3 - (-4)/(-6). Calculate w(l).
-5
Let o(q) = -q. Let i(f) = f**2 + 4*f + 4. Suppose 2*v - 3*v - 3 = -w, 0 = -v - 2*w. Let t be i(v). Calculate o(t).
0
Let f(s) = -s**2 - 5*s - 1. Let i = -169 + 166. Calculate f(i).
5
Let o be (0 - 18/8)*(-48)/36. Let s(y) = 20*y**2 - 7*y**2 + o*y - 7*y**2 - 7*y**2 - 1. Determine s(4).
-5
Let b(u) be the second derivative of u**5/10 + u**4/4 + u**3/2 + 3*u**2/2 - 357*u. Suppose -7 - 2 = 4*d + j, -5*d + 4*j - 6 = 0. What is b(d)?
-7
Suppose 0 = -5*w + 2*j + 19, 12*w - 9*w - 3*j - 6 = 0. Let n(r) = -r**3 + 5*r**2 - 4*r + 3. What is n(w)?
-17
Let r(k) = 2*k**2 + 2*k - 2. Suppose 64*i - 62*i = -10. Give r(i).
38
Let k(f) be the third derivative of f**5/60 - 11*f**4/12 + 7*f**3 - 5*f**2 + 5. Determine k(20).
2
Let f(o) be the third derivative of -o**4/24 + 11*o**3/6 - 189*o**2 + 2*o. Calculate f(15).
-4
Suppose 67*t + 1015 = 212*t. Let f(i) = i**3 - 7*i**2 + i + 4. Give f(t).
11
Let d = 3 - 0. Let l(p) = -d*p + 3*p**2 - 1 - 5*p + 6*p. Suppose -5*o + 4 = -3*o. Give l(o).
7
Let c(n) = n**3 + 5*n**2 - 4*n - 3. Let d be c(-6). Let i = d - -18. Suppose 0 = i*b + b + 24. Let k(x) = -x**3 - 5*x**2 + 8*x + 8. What is k(b)?
-4
Let w(v) = -6*v + 11. Let f(r) = -5*r + 10. Suppose -4*d = 3*d - 35. Let g(t) = d*f(t) - 4*w(t). What is g(3)?
3
Let y(h) = -h**3 + h**2 - 1. Let s(j) = -6*j**3 + 4*j**2 + j - 5. Let o(i) = s(i) - 4*y(i). Let l = -6403 - -6404. Calculate o(l).
-2
Let d(z) = -z**3 + 9*z**2 + 23*z - 124. Let i be d(10). Let b(a) = -a**2 + 3*a + 12. Calculate b(i).
-6
Let l(b) = -b**2 - b - 2. Let z(j) = 3*j + 32. Let v be z(0). Suppose 32 = -6*k + v. What is l(k)?
-2
Let p(r) be the first derivative of -r**2 - 9*r - 62. What is p(0)?
-9
Let k(v) = 3*v**2 + 2*v + 3. Let h(p) = 2*p + 22. Let g be h(-10). Suppose 0 = 2*f - 5*f. Suppose -g + f = n. What is k(n)?
11
Let n(r) = -3*r**2 + 3*r + 2. Let j(p) be the second derivative of -p**4/12 - p**3/6 + 2*p. Let f(m) = j(m) + n(m). Give f(2).
-10
Let m = -4 + 8. Suppose z + m*q = 2*z + 23, -21 = 2*z - 3*q. Let c be 4/((z/3)/1). Let y(w) = -2*w**2 - 4*w + 2. Calculate y(c).
-14
Let t(a) = 6*a + 5. Let k(s) = -5*s**2 + s + 1. Let j(n) = n**2. Let y(q) = 6*j(q) + k(q). Let d(i) = t(i) - y(i). Determine d(3).
10
Let t = 529 + -517. Let j(x) = x**3 - 13*x**2 + 12*x - 10. Give j(t).
-10
Let m(t) be the first derivative of 2/3*t**3 + 1/2*t**4 - 1/2*t**2 - t + 4. Determine m(-2).
-7
Let j be 10/65 - 396/39. Let y(t) = t**2 + 7*t - 23. Give y(j).
7
Let g(q) = -4*q**2. Suppose 0 = -2*t + 3*y + 10, t - 4*t - 4*y - 19 = 0. Determine g(t).
-4
Let h be (2 + 140/(-55))*-11. Let f(j) = -j - 17. Give f(h).
-23
Let i be ((-120)/(36/(-3)))/(-2). Let s(l) = l**2 + 4*l + 1. What is s(i)?
6
Suppose l + 8 = 5*l. Suppose -30 = -l*p + 7*p. Let r(a) = -a**2 - 8*a - 6. Give r(p).
6
Let i(n) = 12*n**2 + 63*n + 4. Let f be i(-5). Let z(h) = 3*h - 15. Give z(f).
-48
Let n(v) be the first derivative of 5*v**2/2 - 2*v + 82. Determine n(-1).
-7
Let d(v) be the first derivative of v**4/4 - 7*v**3/3 + 3*v**2 - v + 2. Let k = -96 - -102. Determine d(k).
-1
Let t(p) = 85*p - 334. Let c be t(4). Let r(y) = y**3 - 7*y**2 + 7*y. Calculate r(c).
6
Let k(v) = v. Let l(g) be the second derivative of -g**3/6 + g**2/2 - 24*g. Let m(t) = 3*k(t) + 6*l(t). Give m(7).
-15
Let g(p) = 10*p**2 - 2*p - 7. Let n(o) = 19*o**2 - 5*o - 15. Let i(z) = -5*g(z) + 2*n(z). Let c(v) = 35*v**2 - 14. Let m(j) = -4*c(j) - 11*i(j). What is m(1)?
-7
Let a be 2 + 12/((-2 + 1)/1). Let s(i) = -i**2 - 7*i + 23. What is s(a)?
-7
Suppose 0*u + u + 9 = 5*g, 2*u + 10 = 2*g. Let a(f) = -28*f + 9. Let i(l) = -14*l + 5. Let x(h) = -4*a(h) + 7*i(h). Calculate x(g).
13
Suppose -5*g = 4*q + 7, -q - g = 6 - 3. Let a(s) be the third derivative of s**6/120 + 7*s**5/60 - s**4/3 + 5*s**3/6 + 181*s**2. What is a(q)?
5
Let h(l) be the first derivative of -5*l +